{"id":322,"date":"2026-04-09T23:53:29","date_gmt":"2026-04-09T20:53:29","guid":{"rendered":"https:\/\/alnteknoloji.com\/?page_id=322"},"modified":"2026-04-09T23:53:39","modified_gmt":"2026-04-09T20:53:39","slug":"devam-eden-projeler","status":"publish","type":"page","link":"https:\/\/alnteknoloji.com\/index.php\/devam-eden-projeler\/","title":{"rendered":"Devam Eden Projeler"},"content":{"rendered":"\n<p><\/p>\n\n\n\n<ul class=\"wp-block-list\">\n<li>Adalet Bakanl\u0131\u011f\u0131 Personel E\u011fitim Merkezi<br>Yang\u0131n Alg\u0131ma Sistemleri, CCTV ve Kartl\u0131 Ge\u00e7i\u015f Sistemleri<\/li>\n\n\n\n<li>Ziraat Bankas\u0131 Genel M\u00fcd\u00fcrl\u00fck Binalar\u0131<br>Termal Kamera Projesi<\/li>\n\n\n\n<li>Halk Bankas\u0131 Genel M\u00fcd\u00fcrl\u00fck Binalar\u0131<br>Termal Kamera Projesi<\/li>\n\n\n\n<li>Ankara Kent G\u00fcvenlik Y\u00f6netim Sistemi<br>5 \u0130l\u00e7e 150 Nokta de-montaj montaj i\u015flemi<\/li>\n\n\n\n<li>K\u00fclt\u00fcr Bakanl\u0131\u011f\u0131 Edirne R\u00f6leve ve An\u0131tlar M\u00fcd\u00fcrl\u00fc\u011f\u00fc Edirne<br>M\u00fczesi (Renevasyon)<\/li>\n\n\n\n<li>CCTV ve Yang\u0131n Al\u0131g\u0131lama ve H\u0131rs\u0131z Alarm Sistemleri<\/li>\n<\/ul>\n","protected":false},"excerpt":{"rendered":"","protected":false},"author":1,"featured_media":0,"parent":0,"menu_order":0,"comment_status":"closed","ping_status":"closed","template":"","meta":{"footnotes":""},"class_list":["post-322","page","type-page","status-publish","hentry"],"_links":{"self":[{"href":"https:\/\/alnteknoloji.com\/index.php\/wp-json\/wp\/v2\/pages\/322","targetHints":{"allow":["GET"]}}],"collection":[{"href":"https:\/\/alnteknoloji.com\/index.php\/wp-json\/wp\/v2\/pages"}],"about":[{"href":"https:\/\/alnteknoloji.com\/index.php\/wp-json\/wp\/v2\/types\/page"}],"author":[{"embeddable":true,"href":"https:\/\/alnteknoloji.com\/index.php\/wp-json\/wp\/v2\/users\/1"}],"replies":[{"embeddable":true,"href":"https:\/\/alnteknoloji.com\/index.php\/wp-json\/wp\/v2\/comments?post=322"}],"version-history":[{"count":1,"href":"https:\/\/alnteknoloji.com\/index.php\/wp-json\/wp\/v2\/pages\/322\/revisions"}],"predecessor-version":[{"id":323,"href":"https:\/\/alnteknoloji.com\/index.php\/wp-json\/wp\/v2\/pages\/322\/revisions\/323"}],"wp:attachment":[{"href":"https:\/\/alnteknoloji.com\/index.php\/wp-json\/wp\/v2\/media?parent=322"}],"curies":[{"name":"wp","href":"https:\/\/api.w.org\/{rel}","templated":true}]}}