{"id":290,"date":"2026-04-09T23:34:31","date_gmt":"2026-04-09T20:34:31","guid":{"rendered":"https:\/\/alnteknoloji.com\/?page_id=290"},"modified":"2026-04-09T23:35:17","modified_gmt":"2026-04-09T20:35:17","slug":"deprem-guvenligi","status":"publish","type":"page","link":"https:\/\/alnteknoloji.com\/index.php\/deprem-guvenligi\/","title":{"rendered":"Deprem G\u00fcvenli\u011fi"},"content":{"rendered":"<div class=\"wp-block-image\">\n<figure class=\"aligncenter size-full\"><img loading=\"lazy\" decoding=\"async\" width=\"1024\" height=\"576\" src=\"https:\/\/alnteknoloji.com\/wp-content\/uploads\/2026\/04\/depremharitas.jpeg\" alt=\"\" class=\"wp-image-291\" srcset=\"https:\/\/alnteknoloji.com\/wp-content\/uploads\/2026\/04\/depremharitas.jpeg 1024w, https:\/\/alnteknoloji.com\/wp-content\/uploads\/2026\/04\/depremharitas-300x169.jpeg 300w, https:\/\/alnteknoloji.com\/wp-content\/uploads\/2026\/04\/depremharitas-768x432.jpeg 768w, https:\/\/alnteknoloji.com\/wp-content\/uploads\/2026\/04\/depremharitas-107x60.jpeg 107w\" sizes=\"auto, (max-width: 1024px) 100vw, 1024px\" \/><figcaption class=\"wp-element-caption\">T\u00fcrkiye Deprem Haritas\u0131<\/figcaption><\/figure>\n<\/div>\n\n\n<p>T\u00fcrkiye Deprem B\u00f6lgeleri Haritas\u0131\u2019na g\u00f6re yurdumuzun %92\u2019sinin deprem b\u00f6lgeleri i\u00e7erisinde oldu\u011fu, n\u00fcfusumuzun %95\u2019inin deprem tehlikesi alt\u0131nda ya\u015fad\u0131\u011f\u0131, b\u00fcy\u00fck sanayi merkezlerinin %98\u2019i ve barajlar\u0131m\u0131z\u0131n %93\u2019\u00fcn\u00fcn deprem b\u00f6lgesinde bulundu\u011fu bilinmektedir.(http:\/\/www.deprem.gov.tr)<\/p>\n\n\n\n<p>Ayr\u0131ca, 1996 y\u0131l\u0131nda say\u0131s\u0131 124 olan enerji santrallerinin 65 tanesi birinci derece deprem b\u00f6lgesinde yer al\u0131rken, \u00f6zelle\u015ftirmeler sonucu yap\u0131lan yakla\u015f\u0131k 1.000 adet enerji santralinin 419 adedi -%41\u2019i- birinci derece deprem b\u00f6lgesinde yer almaktad\u0131r. Bu durum, her ge\u00e7en g\u00fcn<br>riskin gittik\u00e7e b\u00fcy\u00fcd\u00fc\u011f\u00fc anlam\u0131na gelmektedir (http:\/\/www.mmo.org.tr\/resimler\/dosya_ekler\/d6e2f5597089c95_ek.pdf).<\/p>\n\n\n\n<p>Bu sebeple, n\u00fcfus ve sanayi b\u00f6lgelerinin \u00e7o\u011funlu\u011fu deprem tehlikesi alt\u0131nda olan \u00fclkemizde, hasar yaratabilecek d\u00fczeyde bir depremi kendi kayna\u011f\u0131na en yak\u0131n konum veya konumlarda ger\u00e7ek zamanda belirlenmesine ve de\u011ferlendirilmesine y\u00f6nelik \u00e7al\u0131\u015fmalara do\u011fru bir y\u00f6nelime<br>ihtiya\u00e7 bulunmaktad\u0131r.<\/p>\n\n\n\n<p>\u015eehirlerimizin, kalabal\u0131k n\u00fcfusa sahip yerle\u015fim alanlar\u0131n\u0131n bu deprem kaynaklar\u0131na \u00e7ok farkl\u0131 mesafelerde konumlanm\u0131\u015f olmas\u0131 sebebiyle bir deprem EU sistemini bir \u015fehre y\u00f6nelik de\u011fil b\u00f6lgeye g\u00f6re d\u00fc\u015f\u00fcnerek kurulmas\u0131 daha faydal\u0131 olacakt\u0131r. Fakat birinci \u00f6ncelik, deprem<br>b\u00fcy\u00fckl\u00fc\u011f\u00fcn\u00fcn ve lokasyonunun saptanmas\u0131 de\u011fil, deprem zararlar\u0131n\u0131n azalt\u0131lmas\u0131na fayda sa\u011flayacak y\u00f6ntemi ve yakla\u015f\u0131m\u0131 denenmi\u015f etkili ve h\u0131zl\u0131 uyar\u0131 yapabilecek EU sistemlerinin kurulmas\u0131 olmal\u0131d\u0131r.<\/p>\n","protected":false},"excerpt":{"rendered":"<p>T\u00fcrkiye Deprem B\u00f6lgeleri Haritas\u0131\u2019na g\u00f6re yurdumuzun %92\u2019sinin deprem b\u00f6lgeleri i\u00e7erisinde oldu\u011fu, n\u00fcfusumuzun %95\u2019inin deprem tehlikesi alt\u0131nda ya\u015fad\u0131\u011f\u0131, b\u00fcy\u00fck sanayi merkezlerinin %98\u2019i ve barajlar\u0131m\u0131z\u0131n %93\u2019\u00fcn\u00fcn deprem b\u00f6lgesinde bulundu\u011fu bilinmektedir.(http:\/\/www.deprem.gov.tr) Ayr\u0131ca, 1996 y\u0131l\u0131nda say\u0131s\u0131 124 olan enerji santrallerinin 65 tanesi birinci derece deprem b\u00f6lgesinde yer al\u0131rken, \u00f6zelle\u015ftirmeler sonucu yap\u0131lan yakla\u015f\u0131k 1.000 adet enerji santralinin 419 adedi -%41\u2019i- &hellip; <\/p>\n","protected":false},"author":1,"featured_media":0,"parent":0,"menu_order":0,"comment_status":"closed","ping_status":"closed","template":"","meta":{"footnotes":""},"class_list":["post-290","page","type-page","status-publish","hentry"],"_links":{"self":[{"href":"https:\/\/alnteknoloji.com\/index.php\/wp-json\/wp\/v2\/pages\/290","targetHints":{"allow":["GET"]}}],"collection":[{"href":"https:\/\/alnteknoloji.com\/index.php\/wp-json\/wp\/v2\/pages"}],"about":[{"href":"https:\/\/alnteknoloji.com\/index.php\/wp-json\/wp\/v2\/types\/page"}],"author":[{"embeddable":true,"href":"https:\/\/alnteknoloji.com\/index.php\/wp-json\/wp\/v2\/users\/1"}],"replies":[{"embeddable":true,"href":"https:\/\/alnteknoloji.com\/index.php\/wp-json\/wp\/v2\/comments?post=290"}],"version-history":[{"count":1,"href":"https:\/\/alnteknoloji.com\/index.php\/wp-json\/wp\/v2\/pages\/290\/revisions"}],"predecessor-version":[{"id":292,"href":"https:\/\/alnteknoloji.com\/index.php\/wp-json\/wp\/v2\/pages\/290\/revisions\/292"}],"wp:attachment":[{"href":"https:\/\/alnteknoloji.com\/index.php\/wp-json\/wp\/v2\/media?parent=290"}],"curies":[{"name":"wp","href":"https:\/\/api.w.org\/{rel}","templated":true}]}}